{"id":875,"date":"2021-03-09T17:50:51","date_gmt":"2021-03-09T16:50:51","guid":{"rendered":"https:\/\/lasottevillaise.com\/?page_id=875"},"modified":"2026-02-18T16:38:14","modified_gmt":"2026-02-18T15:38:14","slug":"accueil","status":"publish","type":"page","link":"https:\/\/lasottevillaise.com\/","title":{"rendered":"Bienvenue sur notre site"},"content":{"rendered":"<p style=\"text-align: center;\"><strong><span style=\"font-size: 18pt; color: #ff0000;\">Profitez du dernier trimestre de la saison (de mars \u00e0 juin 2026) pour d\u00e9couvrir nos activit\u00e9s avec un tarif adapt\u00e9.<\/span><\/strong><\/p>\n<p style=\"text-align: center;\"><strong><span style=\"font-size: 18pt; color: #ff0000;\">Pour cela renseignez-vous directement au secr\u00e9tariat<\/span><\/strong><\/p>\n<p style=\"text-align: center;\"><span style=\"font-size: 18pt;\"><strong>INSCRIPTIONS 2026-2027<\/strong><\/span><\/p>\n<p style=\"text-align: center;\">\u00a0Ouverture des inscriptions \u00e0 partir du 16 juin 2026 pour les adh\u00e9rents actuels (via un lien re\u00e7u par mail)<\/p>\n<p style=\"text-align: center;\">Ouverture des inscriptions pour les nouveaux adh\u00e9rents \u00e0 partir du 1er juillet 2026 en cliquant sur GESTGYM (\u00e0 droite)<\/p>\n<p>Le paiement pourra \u00eatre effectu\u00e9 \u00e0 l&#8217;issu de votre cours d&#8217;essai en septembre.<\/p>\n<p>La reprise des cours se fera le Mardi 1er septembre 2026 pour les gymnastes comp\u00e9titifs et le fitness adultes.<\/p>\n<p>La reprise pour tous les autres cours et disciplines se fera \u00e0 partir du lundi 7 septembre 2026<\/p>\n<p style=\"font-size: 25px; text-align: center;\"><strong>HORAIRES DU SECR\u00c9TARIAT<\/strong><\/p>\n<ul>\n<li>Lundi\u00a0 \u00a0 : Ferm\u00e9 \/ 15h00 &#8211; 19h00<\/li>\n<li>Mardi\u00a0 \u00a0 : 10h00 &#8211; 12h30 \/ 15h00 &#8211; 19h00<\/li>\n<li>Mercredi : 9h30 &#8211; 12h30\u00a0\/ 13h30 &#8211; 18h00<\/li>\n<li>Jeudi\u00a0 \u00a0 : Ferm\u00e9 \/ 15h00 &#8211; 19h00<\/li>\n<li>Vendredi : 10h00 &#8211; 12h30 \/ 15h00 &#8211; 18h00<\/li>\n<li>Samedi : 9h30 &#8211; 12H \/ 13h30\u00a0 &#8211; 16h<\/li>\n<\/ul>\n<p style=\"text-align: center;\"><span style=\"font-size: 18pt;\"><strong>COORDONN\u00c9ES<\/strong><\/span><\/p>\n<p>T\u00e9l\u00e9phone : 02.35.72.05.03<\/p>\n<p>Adresse\u00a0 \u00a0: 38 Rue Gaston Contremoulins<\/p>\n<p>76300 Sotteville-L\u00e8s-Rouen<\/p>\n<p>Mail\u00a0 \u00a0 \u00a0 : <a style=\"color: #0000ff; --wp-dark-mode-inline-color: #457fe5;\" href=\"mailto:lasottevillaise@gmail.com\" data-darkreader-inline-color=\"\">lasottevillaise@gmail.com<\/a><\/p>\n<p style=\"text-align: center;\">Pour des renseignements par rapport \u00e0 l&#8217;inscription, cliquez sur le bouton ci-dessous.<\/p>\n<p><a href=\"https:\/\/lasottevillaise.com\/index.php\/demarche-dinscription\/\"><br \/>\nInformations<br \/>\n<\/a><\/p>\n<h2>Actualit\u00e9s<\/h2>\n<figure><img data-recalc-dims=\"1\" decoding=\"async\" src=\"https:\/\/i0.wp.com\/lasottevillaise.com\/wp-content\/uploads\/2023\/12\/laGYMMM.png?w=960&#038;ssl=1\" alt=\"gg\" \/><\/figure>\n<figure><img data-recalc-dims=\"1\" decoding=\"async\" src=\"https:\/\/i0.wp.com\/lasottevillaise.com\/wp-content\/uploads\/2023\/12\/MUSCU-LA-TION.png?w=960&#038;ssl=1\" alt=\"gg\" \/><\/figure>\n<p><iframe title=\"La sottevillaise\" src=\"https:\/\/maps.google.com\/maps?q=La%20sottevillaise&amp;t=m&amp;z=17&amp;output=embed&amp;iwloc=near\" aria-label=\"La sottevillaise\"><\/iframe><br \/>\n<img data-recalc-dims=\"1\" fetchpriority=\"high\" decoding=\"async\" src=\"https:\/\/i0.wp.com\/lasottevillaise.com\/wp-content\/uploads\/2023\/10\/1-1.png?resize=724%2C1024&#038;ssl=1\" sizes=\"(max-width: 724px) 100vw, 724px\" srcset=\"https:\/\/i0.wp.com\/lasottevillaise.com\/wp-content\/uploads\/2023\/10\/1-1.png?resize=724%2C1024&amp;ssl=1 724w, https:\/\/i0.wp.com\/lasottevillaise.com\/wp-content\/uploads\/2023\/10\/1-1.png?resize=212%2C300&amp;ssl=1 212w, https:\/\/i0.wp.com\/lasottevillaise.com\/wp-content\/uploads\/2023\/10\/1-1.png?resize=768%2C1086&amp;ssl=1 768w, https:\/\/i0.wp.com\/lasottevillaise.com\/wp-content\/uploads\/2023\/10\/1-1.png?resize=1086%2C1536&amp;ssl=1 1086w, https:\/\/i0.wp.com\/lasottevillaise.com\/wp-content\/uploads\/2023\/10\/1-1.png?resize=1448%2C2048&amp;ssl=1 1448w, https:\/\/i0.wp.com\/lasottevillaise.com\/wp-content\/uploads\/2023\/10\/1-1.png?resize=1140%2C1613&amp;ssl=1 1140w, https:\/\/i0.wp.com\/lasottevillaise.com\/wp-content\/uploads\/2023\/10\/1-1.png?w=1587&amp;ssl=1 1587w\" alt=\"\" width=\"724\" height=\"1024\" \/><br \/>\n<a href=\"#\"><br \/>\nAccueil<br \/>\n<\/a><\/p>\n","protected":false},"excerpt":{"rendered":"<p>Profitez du dernier trimestre de la saison (de mars \u00e0 juin 2026) pour d\u00e9couvrir nos activit\u00e9s avec un tarif adapt\u00e9. Pour cela renseignez-vous directement au secr\u00e9tariat INSCRIPTIONS 2026-2027 \u00a0Ouverture des inscriptions \u00e0 partir du 16 juin 2026 pour les adh\u00e9rents actuels (via un lien re\u00e7u par mail) Ouverture des inscriptions pour les nouveaux adh\u00e9rents \u00e0 partir du 1er juillet 2026 en cliquant sur GESTGYM (\u00e0 droite) Le paiement pourra \u00eatre effectu\u00e9 \u00e0 l&#8217;issu de votre cours d&#8217;essai en septembre. La reprise des cours se fera le Mardi 1er septembre 2026 pour les gymnastes comp\u00e9titifs et le fitness adultes. La reprise pour tous les autres cours et disciplines se fera \u00e0 partir du lundi 7 septembre 2026 HORAIRES DU SECR\u00c9TARIAT Lundi\u00a0 \u00a0 : Ferm\u00e9 \/ 15h00 &#8211; 19h00 Mardi\u00a0 \u00a0 : 10h00 &#8211; 12h30 \/ 15h00 &#8211; 19h00 Mercredi : 9h30 &#8211; 12h30\u00a0\/ 13h30 &#8211; 18h00 Jeudi\u00a0 \u00a0 : Ferm\u00e9 \/ 15h00 &#8211; 19h00 Vendredi : 10h00 &#8211; 12h30 \/ 15h00 &#8211; 18h00 Samedi : 9h30 &#8211; 12H \/ 13h30\u00a0 &#8211; 16h COORDONN\u00c9ES T\u00e9l\u00e9phone : 02.35.72.05.03 Adresse\u00a0 \u00a0: 38 Rue Gaston Contremoulins 76300 Sotteville-L\u00e8s-Rouen Mail\u00a0 \u00a0 \u00a0 : lasottevillaise@gmail.com Pour des renseignements par rapport \u00e0 l&#8217;inscription, cliquez sur le bouton ci-dessous. Informations Actualit\u00e9s Accueil<\/p>\n","protected":false},"author":1,"featured_media":0,"parent":0,"menu_order":0,"comment_status":"closed","ping_status":"closed","template":"","meta":{"footnotes":""},"jetpack_sharing_enabled":true,"acf":[],"_links":{"self":[{"href":"https:\/\/lasottevillaise.com\/index.php\/wp-json\/wp\/v2\/pages\/875"}],"collection":[{"href":"https:\/\/lasottevillaise.com\/index.php\/wp-json\/wp\/v2\/pages"}],"about":[{"href":"https:\/\/lasottevillaise.com\/index.php\/wp-json\/wp\/v2\/types\/page"}],"author":[{"embeddable":true,"href":"https:\/\/lasottevillaise.com\/index.php\/wp-json\/wp\/v2\/users\/1"}],"replies":[{"embeddable":true,"href":"https:\/\/lasottevillaise.com\/index.php\/wp-json\/wp\/v2\/comments?post=875"}],"version-history":[{"count":457,"href":"https:\/\/lasottevillaise.com\/index.php\/wp-json\/wp\/v2\/pages\/875\/revisions"}],"predecessor-version":[{"id":4642,"href":"https:\/\/lasottevillaise.com\/index.php\/wp-json\/wp\/v2\/pages\/875\/revisions\/4642"}],"wp:attachment":[{"href":"https:\/\/lasottevillaise.com\/index.php\/wp-json\/wp\/v2\/media?parent=875"}],"curies":[{"name":"wp","href":"https:\/\/api.w.org\/{rel}","templated":true}]}}