{"id":92,"date":"2021-01-20T15:21:48","date_gmt":"2021-01-20T14:21:48","guid":{"rendered":"https:\/\/lasottevillaise.com\/?page_id=92"},"modified":"2022-06-24T21:40:47","modified_gmt":"2022-06-24T19:40:47","slug":"competition","status":"publish","type":"page","link":"https:\/\/lasottevillaise.com\/index.php\/competition\/","title":{"rendered":"Secteur comp\u00e9tition : F\u00e9minin"},"content":{"rendered":"\n<p>La Gymnastique Artistique F\u00e9minine est une discipline de pr\u00e9cision. Dans sa perfection, elle r\u00e9unit des aptitudes physiques comme la <strong>force<\/strong>, la <strong>coordination<\/strong> et la <strong>souplesse<\/strong> \u00e0 travers des exercices dynamiques ou statiques. C\u2019est un endroit o\u00f9 r\u00e8gne l\u2019<strong>acrobatie et l&#8217;esth\u00e9tisme !<\/strong><\/p>\n\n\n\n<p>Cette discipline se pratique sur 4 agr\u00e8s : le<strong> sol<\/strong>, la<strong> poutre<\/strong>, le <strong>saut<\/strong> <strong>de cheval<\/strong> et les <strong>barres asym\u00e9trique<\/strong>. Chaque agr\u00e8s \u00e0 ses propres sp\u00e9cificit\u00e9s ce qui rend la discipline polyvalente et compl\u00e8te. <\/p>\n\n\n\n<p>Si vous recherchez une activit\u00e9 \u00e0 <strong>sensation forte et esth\u00e9tique<\/strong> la Gymnastique Artistique F\u00e9minine sera <strong>faite pour toi !<\/strong><\/p>\n\n\n\n<div class=\"wp-block-buttons is-content-justification-center is-layout-flex wp-block-buttons-is-layout-flex\">\n<div class=\"wp-block-button is-style-outline\"><a class=\"wp-block-button__link has-text-color\" href=\"https:\/\/lasottevillaise.com\/index.php\/competition-feminine\/\" style=\"color:#ff0004\"><strong><em><span style=\"color:#000000\" class=\"tadv-color\">Voir les horaires<\/span><\/em><\/strong><\/a><\/div>\n<\/div>\n\n\n\n<p class=\"has-black-color has-text-color\">Les <strong><em><span style=\"color:#ff0004\" class=\"tadv-color\">cours sont limit\u00e9s \u00e0 15 pratiquants pour 1 encadrant<\/span><\/em><\/strong> afin de toujours vous <em><strong><span style=\"color:#000000\" class=\"tadv-color\">assurer des interventions de<\/span><\/strong><\/em><span style=\"color:#ff0004\" class=\"tadv-color\"><em><strong> qualit\u00e9s<\/strong><\/em>.<\/span><\/p>\n\n\n\n<p><strong>Renseignements:<\/strong> 02 35 72 05 03 ou&nbsp;<a href=\"mailto:lasottevillaise@gmail.com\">lasottevillaise@gmail.com<\/a><\/p>\n\n\n\n<p><strong><em><span style=\"color:#ff0004\" class=\"tadv-color\">Attention :<\/span><\/em><\/strong> <strong><em>Pour les nouveaux arrivants<\/em><\/strong> l&#8217;acc\u00e8s \u00e0 la comp\u00e9tition se fait uniquement avec l&#8217;accord de l&#8217;entraineur. Les nouveaux gymnastes doivent donc d&#8217;abord s&#8217;inscrire dans la cat\u00e9gorie &#8220;Loisir&#8221;. En revanche, si l&#8217;entraineur estime que l&#8217;envie et le niveau sont suffisants pour pouvoir acc\u00e9der \u00e0 la comp\u00e9tition un changement vers un groupe comp\u00e9titif sera possible en cours d&#8217;ann\u00e9e.<\/p>\n\n\n\n<figure class=\"wp-block-video\"><video controls src=\"https:\/\/lasottevillaise.com\/wp-content\/uploads\/2022\/06\/ok-gaf-competitions.mp4\"><\/video><\/figure>\n\n\n\n<div class=\"wp-block-jetpack-tiled-gallery aligncenter is-style-rectangular\"><div class=\"tiled-gallery__gallery\"><div class=\"tiled-gallery__row\"><div class=\"tiled-gallery__col\" style=\"flex-basis:45.31773%\"><figure class=\"tiled-gallery__item\"><img decoding=\"async\" srcset=\"https:\/\/i2.wp.com\/lasottevillaise.com\/wp-content\/uploads\/2021\/06\/image-GAF-compete-3.png?strip=info&#038;w=546&#038;ssl=1 546w\" alt=\"\" data-height=\"530\" data-id=\"1943\" data-link=\"https:\/\/lasottevillaise.com\/index.php\/competition\/image-gaf-compete-3\/\" data-url=\"https:\/\/lasottevillaise.com\/wp-content\/uploads\/2021\/06\/image-GAF-compete-3.png\" data-width=\"546\" src=\"https:\/\/i2.wp.com\/lasottevillaise.com\/wp-content\/uploads\/2021\/06\/image-GAF-compete-3.png?ssl=1\" data-amp-layout=\"responsive\"\/><\/figure><figure class=\"tiled-gallery__item\"><img decoding=\"async\" srcset=\"https:\/\/i2.wp.com\/lasottevillaise.com\/wp-content\/uploads\/2021\/06\/image-GAF-compete-11.png?strip=info&#038;w=600&#038;ssl=1 600w,https:\/\/i2.wp.com\/lasottevillaise.com\/wp-content\/uploads\/2021\/06\/image-GAF-compete-11.png?strip=info&#038;w=856&#038;ssl=1 856w\" alt=\"\" data-height=\"635\" data-id=\"1951\" data-link=\"https:\/\/lasottevillaise.com\/index.php\/competition\/image-gaf-compete-11\/\" data-url=\"https:\/\/lasottevillaise.com\/wp-content\/uploads\/2021\/06\/image-GAF-compete-11.png\" data-width=\"856\" src=\"https:\/\/i2.wp.com\/lasottevillaise.com\/wp-content\/uploads\/2021\/06\/image-GAF-compete-11.png?ssl=1\" data-amp-layout=\"responsive\"\/><\/figure><figure class=\"tiled-gallery__item\"><img decoding=\"async\" srcset=\"https:\/\/i0.wp.com\/lasottevillaise.com\/wp-content\/uploads\/2021\/05\/GAF-compete-3.jpg?strip=info&#038;w=600&#038;ssl=1 600w,https:\/\/i0.wp.com\/lasottevillaise.com\/wp-content\/uploads\/2021\/05\/GAF-compete-3.jpg?strip=info&#038;w=900&#038;ssl=1 900w,https:\/\/i0.wp.com\/lasottevillaise.com\/wp-content\/uploads\/2021\/05\/GAF-compete-3.jpg?strip=info&#038;w=960&#038;ssl=1 960w\" alt=\"\" data-height=\"720\" data-id=\"1405\" data-link=\"https:\/\/lasottevillaise.com\/index.php\/competition\/gaf-compete-3\/\" data-url=\"https:\/\/lasottevillaise.com\/wp-content\/uploads\/2021\/05\/GAF-compete-3.jpg\" data-width=\"960\" src=\"https:\/\/i0.wp.com\/lasottevillaise.com\/wp-content\/uploads\/2021\/05\/GAF-compete-3.jpg?ssl=1\" data-amp-layout=\"responsive\"\/><\/figure><\/div><div class=\"tiled-gallery__col\" style=\"flex-basis:54.68227%\"><figure class=\"tiled-gallery__item\"><img decoding=\"async\" srcset=\"https:\/\/i2.wp.com\/lasottevillaise.com\/wp-content\/uploads\/2021\/05\/compete-GAF.jpg?strip=info&#038;w=600&#038;ssl=1 600w,https:\/\/i2.wp.com\/lasottevillaise.com\/wp-content\/uploads\/2021\/05\/compete-GAF.jpg?strip=info&#038;w=640&#038;ssl=1 640w\" alt=\"\" data-height=\"1316\" data-id=\"1402\" data-link=\"https:\/\/lasottevillaise.com\/index.php\/competition\/compete-gaf\/\" data-url=\"https:\/\/lasottevillaise.com\/wp-content\/uploads\/2021\/05\/compete-GAF.jpg\" data-width=\"640\" src=\"https:\/\/i2.wp.com\/lasottevillaise.com\/wp-content\/uploads\/2021\/05\/compete-GAF.jpg?ssl=1\" data-amp-layout=\"responsive\"\/><\/figure><\/div><\/div><div class=\"tiled-gallery__row\"><div class=\"tiled-gallery__col\" style=\"flex-basis:23.38078%\"><figure class=\"tiled-gallery__item\"><img decoding=\"async\" srcset=\"https:\/\/i2.wp.com\/lasottevillaise.com\/wp-content\/uploads\/2021\/05\/compete-GAF-1.jpg?strip=info&#038;w=600&#038;ssl=1 600w,https:\/\/i2.wp.com\/lasottevillaise.com\/wp-content\/uploads\/2021\/05\/compete-GAF-1.jpg?strip=info&#038;w=640&#038;ssl=1 640w\" alt=\"\" data-height=\"1316\" data-id=\"1400\" data-link=\"https:\/\/lasottevillaise.com\/index.php\/competition\/compete-gaf-1\/\" data-url=\"https:\/\/lasottevillaise.com\/wp-content\/uploads\/2021\/05\/compete-GAF-1.jpg\" data-width=\"640\" src=\"https:\/\/i2.wp.com\/lasottevillaise.com\/wp-content\/uploads\/2021\/05\/compete-GAF-1.jpg?ssl=1\" data-amp-layout=\"responsive\"\/><\/figure><\/div><div class=\"tiled-gallery__col\" style=\"flex-basis:53.23844%\"><figure class=\"tiled-gallery__item\"><img decoding=\"async\" srcset=\"https:\/\/i1.wp.com\/lasottevillaise.com\/wp-content\/uploads\/2021\/06\/image-GAF-compete-5.png?strip=info&#038;w=600&#038;ssl=1 600w,https:\/\/i1.wp.com\/lasottevillaise.com\/wp-content\/uploads\/2021\/06\/image-GAF-compete-5.png?strip=info&#038;w=739&#038;ssl=1 739w\" alt=\"\" data-height=\"666\" data-id=\"1945\" data-link=\"https:\/\/lasottevillaise.com\/index.php\/competition\/image-gaf-compete-5\/\" data-url=\"https:\/\/lasottevillaise.com\/wp-content\/uploads\/2021\/06\/image-GAF-compete-5.png\" data-width=\"739\" src=\"https:\/\/i1.wp.com\/lasottevillaise.com\/wp-content\/uploads\/2021\/06\/image-GAF-compete-5.png?ssl=1\" data-amp-layout=\"responsive\"\/><\/figure><\/div><div class=\"tiled-gallery__col\" style=\"flex-basis:23.38078%\"><figure class=\"tiled-gallery__item\"><img decoding=\"async\" srcset=\"https:\/\/i0.wp.com\/lasottevillaise.com\/wp-content\/uploads\/2021\/05\/compete-GAF-3.jpg?strip=info&#038;w=600&#038;ssl=1 600w,https:\/\/i0.wp.com\/lasottevillaise.com\/wp-content\/uploads\/2021\/05\/compete-GAF-3.jpg?strip=info&#038;w=640&#038;ssl=1 640w\" alt=\"\" data-height=\"1316\" data-id=\"1401\" data-link=\"https:\/\/lasottevillaise.com\/index.php\/competition\/compete-gaf-3\/\" data-url=\"https:\/\/lasottevillaise.com\/wp-content\/uploads\/2021\/05\/compete-GAF-3.jpg\" data-width=\"640\" src=\"https:\/\/i0.wp.com\/lasottevillaise.com\/wp-content\/uploads\/2021\/05\/compete-GAF-3.jpg?ssl=1\" data-amp-layout=\"responsive\"\/><\/figure><\/div><\/div><div class=\"tiled-gallery__row\"><div class=\"tiled-gallery__col\" style=\"flex-basis:40.86789%\"><figure class=\"tiled-gallery__item\"><img decoding=\"async\" srcset=\"https:\/\/i1.wp.com\/lasottevillaise.com\/wp-content\/uploads\/2021\/06\/image-GAF-compete-.png?strip=info&#038;w=600&#038;ssl=1 600w,https:\/\/i1.wp.com\/lasottevillaise.com\/wp-content\/uploads\/2021\/06\/image-GAF-compete-.png?strip=info&#038;w=900&#038;ssl=1 900w,https:\/\/i1.wp.com\/lasottevillaise.com\/wp-content\/uploads\/2021\/06\/image-GAF-compete-.png?strip=info&#038;w=961&#038;ssl=1 961w\" alt=\"\" data-height=\"508\" data-id=\"1941\" data-link=\"https:\/\/lasottevillaise.com\/index.php\/competition\/image-gaf-compete\/\" data-url=\"https:\/\/lasottevillaise.com\/wp-content\/uploads\/2021\/06\/image-GAF-compete-.png\" data-width=\"961\" src=\"https:\/\/i1.wp.com\/lasottevillaise.com\/wp-content\/uploads\/2021\/06\/image-GAF-compete-.png?ssl=1\" data-amp-layout=\"responsive\"\/><\/figure><figure class=\"tiled-gallery__item\"><img decoding=\"async\" srcset=\"https:\/\/i0.wp.com\/lasottevillaise.com\/wp-content\/uploads\/2021\/06\/image-GAF-compete-2.png?strip=info&#038;w=600&#038;ssl=1 600w,https:\/\/i0.wp.com\/lasottevillaise.com\/wp-content\/uploads\/2021\/06\/image-GAF-compete-2.png?strip=info&#038;w=747&#038;ssl=1 747w\" alt=\"\" data-height=\"461\" data-id=\"1942\" data-link=\"https:\/\/lasottevillaise.com\/index.php\/competition\/image-gaf-compete-2\/\" data-url=\"https:\/\/lasottevillaise.com\/wp-content\/uploads\/2021\/06\/image-GAF-compete-2.png\" data-width=\"747\" src=\"https:\/\/i0.wp.com\/lasottevillaise.com\/wp-content\/uploads\/2021\/06\/image-GAF-compete-2.png?ssl=1\" data-amp-layout=\"responsive\"\/><\/figure><\/div><div class=\"tiled-gallery__col\" style=\"flex-basis:59.13211%\"><figure class=\"tiled-gallery__item\"><img decoding=\"async\" srcset=\"https:\/\/i0.wp.com\/lasottevillaise.com\/wp-content\/uploads\/2021\/06\/image-GAF-compete-8.png?strip=info&#038;w=600&#038;ssl=1 600w,https:\/\/i0.wp.com\/lasottevillaise.com\/wp-content\/uploads\/2021\/06\/image-GAF-compete-8.png?strip=info&#038;w=791&#038;ssl=1 791w\" alt=\"\" data-height=\"631\" data-id=\"1948\" data-link=\"https:\/\/lasottevillaise.com\/index.php\/competition\/image-gaf-compete-8\/\" data-url=\"https:\/\/lasottevillaise.com\/wp-content\/uploads\/2021\/06\/image-GAF-compete-8.png\" data-width=\"791\" src=\"https:\/\/i0.wp.com\/lasottevillaise.com\/wp-content\/uploads\/2021\/06\/image-GAF-compete-8.png?ssl=1\" data-amp-layout=\"responsive\"\/><\/figure><\/div><\/div><div class=\"tiled-gallery__row\"><div class=\"tiled-gallery__col\" style=\"flex-basis:21.05616%\"><figure class=\"tiled-gallery__item\"><img decoding=\"async\" srcset=\"https:\/\/i1.wp.com\/lasottevillaise.com\/wp-content\/uploads\/2021\/06\/image-GAF-compete-4.png?strip=info&#038;w=492&#038;ssl=1 492w\" alt=\"\" data-height=\"474\" data-id=\"1944\" data-link=\"https:\/\/lasottevillaise.com\/index.php\/competition\/image-gaf-compete-4\/\" data-url=\"https:\/\/lasottevillaise.com\/wp-content\/uploads\/2021\/06\/image-GAF-compete-4.png\" data-width=\"492\" src=\"https:\/\/i1.wp.com\/lasottevillaise.com\/wp-content\/uploads\/2021\/06\/image-GAF-compete-4.png?ssl=1\" data-amp-layout=\"responsive\"\/><\/figure><\/div><div class=\"tiled-gallery__col\" style=\"flex-basis:9.94541%\"><figure class=\"tiled-gallery__item\"><img decoding=\"async\" srcset=\"https:\/\/i1.wp.com\/lasottevillaise.com\/wp-content\/uploads\/2021\/05\/competiton-GAF-6.jpg?strip=info&#038;w=600&#038;ssl=1 600w,https:\/\/i1.wp.com\/lasottevillaise.com\/wp-content\/uploads\/2021\/05\/competiton-GAF-6.jpg?strip=info&#038;w=640&#038;ssl=1 640w\" alt=\"\" data-height=\"1316\" data-id=\"1408\" data-link=\"https:\/\/lasottevillaise.com\/index.php\/competition\/competiton-gaf-6\/\" data-url=\"https:\/\/lasottevillaise.com\/wp-content\/uploads\/2021\/05\/competiton-GAF-6.jpg\" data-width=\"640\" src=\"https:\/\/i1.wp.com\/lasottevillaise.com\/wp-content\/uploads\/2021\/05\/competiton-GAF-6.jpg?ssl=1\" data-amp-layout=\"responsive\"\/><\/figure><\/div><div class=\"tiled-gallery__col\" style=\"flex-basis:28.68335%\"><figure class=\"tiled-gallery__item\"><img decoding=\"async\" srcset=\"https:\/\/i0.wp.com\/lasottevillaise.com\/wp-content\/uploads\/2021\/06\/image-GAF-compete-6.png?strip=info&#038;w=527&#038;ssl=1 527w\" alt=\"\" data-height=\"372\" data-id=\"1946\" data-link=\"https:\/\/lasottevillaise.com\/index.php\/competition\/image-gaf-compete-6\/\" data-url=\"https:\/\/lasottevillaise.com\/wp-content\/uploads\/2021\/06\/image-GAF-compete-6.png\" data-width=\"527\" src=\"https:\/\/i0.wp.com\/lasottevillaise.com\/wp-content\/uploads\/2021\/06\/image-GAF-compete-6.png?ssl=1\" data-amp-layout=\"responsive\"\/><\/figure><\/div><div class=\"tiled-gallery__col\" style=\"flex-basis:40.31508%\"><figure class=\"tiled-gallery__item\"><img decoding=\"async\" srcset=\"https:\/\/i0.wp.com\/lasottevillaise.com\/wp-content\/uploads\/2021\/06\/image-GAF-compete-7.png?strip=info&#038;w=600&#038;ssl=1 600w,https:\/\/i0.wp.com\/lasottevillaise.com\/wp-content\/uploads\/2021\/06\/image-GAF-compete-7.png?strip=info&#038;w=686&#038;ssl=1 686w\" alt=\"\" data-height=\"344\" data-id=\"1947\" data-link=\"https:\/\/lasottevillaise.com\/index.php\/competition\/image-gaf-compete-7\/\" data-url=\"https:\/\/lasottevillaise.com\/wp-content\/uploads\/2021\/06\/image-GAF-compete-7.png\" data-width=\"686\" src=\"https:\/\/i0.wp.com\/lasottevillaise.com\/wp-content\/uploads\/2021\/06\/image-GAF-compete-7.png?ssl=1\" data-amp-layout=\"responsive\"\/><\/figure><\/div><\/div><\/div><\/div>\n\n\n\n<p><\/p>\n\n\n\n<p><\/p>\n","protected":false},"excerpt":{"rendered":"<p>La Gymnastique Artistique F\u00e9minine est une discipline de pr\u00e9cision. Dans sa perfection, elle r\u00e9unit des aptitudes physiques comme la force, la coordination et la souplesse \u00e0 travers des exercices dynamiques ou statiques. C\u2019est un endroit o\u00f9 r\u00e8gne l\u2019acrobatie et l&#8217;esth\u00e9tisme ! Cette discipline se pratique sur 4 agr\u00e8s : le sol, la poutre, le saut de cheval et les barres asym\u00e9trique. Chaque agr\u00e8s \u00e0 ses propres sp\u00e9cificit\u00e9s ce qui rend la discipline polyvalente et compl\u00e8te. Si vous recherchez une activit\u00e9 \u00e0 sensation forte et esth\u00e9tique la Gymnastique Artistique F\u00e9minine sera faite pour toi ! Les cours sont limit\u00e9s \u00e0 15 pratiquants pour 1 encadrant afin de toujours vous assurer des interventions de qualit\u00e9s. Renseignements: 02 35 72 05 03 ou&nbsp;lasottevillaise@gmail.com Attention : Pour les nouveaux arrivants l&#8217;acc\u00e8s \u00e0 la comp\u00e9tition se fait uniquement avec l&#8217;accord de l&#8217;entraineur. Les nouveaux gymnastes doivent donc d&#8217;abord s&#8217;inscrire dans la cat\u00e9gorie &#8220;Loisir&#8221;. En revanche, si l&#8217;entraineur estime que l&#8217;envie et le niveau sont suffisants pour pouvoir acc\u00e9der \u00e0 la comp\u00e9tition un changement vers un groupe comp\u00e9titif sera possible en cours d&#8217;ann\u00e9e.<\/p>\n","protected":false},"author":1,"featured_media":0,"parent":0,"menu_order":0,"comment_status":"closed","ping_status":"closed","template":"","meta":{"footnotes":""},"jetpack_sharing_enabled":true,"acf":[],"_links":{"self":[{"href":"https:\/\/lasottevillaise.com\/index.php\/wp-json\/wp\/v2\/pages\/92"}],"collection":[{"href":"https:\/\/lasottevillaise.com\/index.php\/wp-json\/wp\/v2\/pages"}],"about":[{"href":"https:\/\/lasottevillaise.com\/index.php\/wp-json\/wp\/v2\/types\/page"}],"author":[{"embeddable":true,"href":"https:\/\/lasottevillaise.com\/index.php\/wp-json\/wp\/v2\/users\/1"}],"replies":[{"embeddable":true,"href":"https:\/\/lasottevillaise.com\/index.php\/wp-json\/wp\/v2\/comments?post=92"}],"version-history":[{"count":43,"href":"https:\/\/lasottevillaise.com\/index.php\/wp-json\/wp\/v2\/pages\/92\/revisions"}],"predecessor-version":[{"id":2641,"href":"https:\/\/lasottevillaise.com\/index.php\/wp-json\/wp\/v2\/pages\/92\/revisions\/2641"}],"wp:attachment":[{"href":"https:\/\/lasottevillaise.com\/index.php\/wp-json\/wp\/v2\/media?parent=92"}],"curies":[{"name":"wp","href":"https:\/\/api.w.org\/{rel}","templated":true}]}}