{"id":96,"date":"2021-01-20T15:22:22","date_gmt":"2021-01-20T14:22:22","guid":{"rendered":"https:\/\/lasottevillaise.com\/?page_id=96"},"modified":"2022-06-25T00:32:36","modified_gmt":"2022-06-24T22:32:36","slug":"competition-2","status":"publish","type":"page","link":"https:\/\/lasottevillaise.com\/index.php\/competition-2\/","title":{"rendered":"Secteur comp\u00e9tition : Masculin"},"content":{"rendered":"\n<p>La Gymnastique Artistique Masculine est une discipline de pr\u00e9cision. Dans sa perfection, elle r\u00e9unit des aptitudes physiques comme la <strong><span style=\"color:#fe0004\" class=\"tadv-color\">force<\/span><\/strong>, la <strong><span style=\"color:#ff0004\" class=\"tadv-color\">coordination<\/span><\/strong> et la <span style=\"color:#ff0004\" class=\"tadv-color\"><strong>souplesse<\/strong> <\/span>\u00e0 travers des exercices dynamiques ou statiques. C\u2019est un endroit ou r\u00e8gne l\u2019<strong><span style=\"color:#ff0004\" class=\"tadv-color\">acrobatie !<\/span><\/strong><\/p>\n\n\n\n<p>Cette discipline se pratique sur 6 agr\u00e8s : le<strong> sol<\/strong>, les <strong>ar\u00e7ons<\/strong>, les <strong>anneaux<\/strong>, le <strong>saut<\/strong> <strong>de cheval<\/strong>, les <strong>barres parall\u00e8les<\/strong> et la <strong>barre fixe<\/strong>. Chaque agr\u00e8s \u00e0 ses propres sp\u00e9cificit\u00e9 ce qui rend la discipline polyvalente et compl\u00e8te.<\/p>\n\n\n\n<p>Si vous recherchez une activit\u00e9 \u00e0 <strong><span style=\"color:#ff0004\" class=\"tadv-color\">sensation forte et esth\u00e9tique<\/span><\/strong> la Gymnastique Artistique Masculine sera <strong>faite pour toi !<\/strong><\/p>\n\n\n\n<p>Les <strong><em>cours sont limit\u00e9s \u00e0 15 pratiquants pour 1 encadrant<\/em><\/strong> afin de toujours vous <em><strong><span style=\"color:#ff0004\" class=\"tadv-color\">assurer des interventions de qualit\u00e9s<\/span><\/strong><\/em>.&nbsp;<\/p>\n\n\n\n<div class=\"wp-block-buttons alignwide is-content-justification-center is-layout-flex wp-block-buttons-is-layout-flex\">\n<div class=\"wp-block-button is-style-outline\"><a class=\"wp-block-button__link has-black-color has-text-color\" href=\"https:\/\/lasottevillaise.com\/index.php\/competition-masculin\/\"><strong><em><span style=\"color:#ff0004\" class=\"tadv-color\">Voir les horaires<\/span><\/em><\/strong><\/a><\/div>\n<\/div>\n\n\n\n<p><strong>Renseignements :<\/strong> 02 35 72 05 03 ou&nbsp;<a href=\"mailto:lasottevillaise@gmail.com\">lasottevillaise@gmail.com<\/a><\/p>\n\n\n\n<p><strong><em>Attention :<\/em><\/strong> <strong><em>Pour les nouveaux arrivants<\/em><\/strong> l&#8217;acc\u00e8s \u00e0 la comp\u00e9tition se fait uniquement avec l&#8217;accord de l&#8217;entraineur. Les nouveaux gymnastes doivent donc d&#8217;abord s&#8217;inscrire dans la cat\u00e9gorie &#8220;Loisir&#8221;. En revanche, si l&#8217;entraineur estime que l&#8217;envie et le niveau sont suffisants pour pouvoir acc\u00e9der \u00e0 la comp\u00e9tition un changement vers un groupe comp\u00e9titif sera possible en cours d&#8217;ann\u00e9e.<\/p>\n\n\n\n<div class=\"wp-block-columns is-layout-flex wp-container-core-columns-is-layout-2 wp-block-columns-is-layout-flex\">\n<div class=\"wp-block-column is-layout-flow wp-block-column-is-layout-flow\" style=\"flex-basis:100%\">\n<div class=\"wp-block-columns is-layout-flex wp-container-core-columns-is-layout-1 wp-block-columns-is-layout-flex\">\n<div class=\"wp-block-column is-layout-flow wp-block-column-is-layout-flow\">\n<figure class=\"wp-block-video aligncenter\"><video controls poster=\"https:\/\/lasottevillaise.com\/wp-content\/uploads\/2021\/05\/SE.png\" src=\"https:\/\/lasottevillaise.com\/wp-content\/uploads\/2021\/02\/VID-20210218-WA0000.mp4\"><\/video><\/figure>\n<\/div>\n\n\n\n<div class=\"wp-block-column is-layout-flow wp-block-column-is-layout-flow\">\n<figure class=\"wp-block-video\"><video controls poster=\"https:\/\/lasottevillaise.com\/wp-content\/uploads\/2021\/05\/championnat-de-franc-e.png\" src=\"https:\/\/lasottevillaise.com\/wp-content\/uploads\/2021\/02\/VID-20210218-WA0002.mp4\"><\/video><\/figure>\n<\/div>\n\n\n\n<div class=\"wp-block-column is-layout-flow wp-block-column-is-layout-flow\">\n<figure class=\"wp-block-video aligncenter\"><video controls poster=\"https:\/\/lasottevillaise.com\/wp-content\/uploads\/2021\/05\/lucas.png\" src=\"https:\/\/lasottevillaise.com\/wp-content\/uploads\/2021\/02\/VID-20210218-WA0001.mp4\"><\/video><\/figure>\n<\/div>\n<\/div>\n<\/div>\n<\/div>\n\n\n\n<figure class=\"wp-block-video\"><video controls src=\"https:\/\/lasottevillaise.com\/wp-content\/uploads\/2022\/06\/gam-competes_TBlszgZw.mp4\"><\/video><\/figure>\n\n\n\n<div class=\"wp-block-jetpack-tiled-gallery aligncenter is-style-rectangular\"><div class=\"tiled-gallery__gallery\"><div class=\"tiled-gallery__row\"><div class=\"tiled-gallery__col\" style=\"flex-basis:66.44372%\"><figure class=\"tiled-gallery__item\"><img decoding=\"async\" srcset=\"https:\/\/i0.wp.com\/lasottevillaise.com\/wp-content\/uploads\/2021\/06\/image-GAM-compete-2-.png?strip=info&#038;w=600&#038;ssl=1 600w,https:\/\/i0.wp.com\/lasottevillaise.com\/wp-content\/uploads\/2021\/06\/image-GAM-compete-2-.png?strip=info&#038;w=785&#038;ssl=1 785w\" alt=\"\" data-height=\"479\" data-id=\"1954\" data-link=\"https:\/\/lasottevillaise.com\/index.php\/competition-2\/image-gam-compete-2\/\" data-url=\"https:\/\/lasottevillaise.com\/wp-content\/uploads\/2021\/06\/image-GAM-compete-2-.png\" data-width=\"785\" src=\"https:\/\/i0.wp.com\/lasottevillaise.com\/wp-content\/uploads\/2021\/06\/image-GAM-compete-2-.png?ssl=1\" data-amp-layout=\"responsive\"\/><\/figure><\/div><div class=\"tiled-gallery__col\" style=\"flex-basis:33.55628%\"><figure class=\"tiled-gallery__item\"><img decoding=\"async\" srcset=\"https:\/\/i1.wp.com\/lasottevillaise.com\/wp-content\/uploads\/2021\/06\/image-GAM-compete-6.png?strip=info&#038;w=441&#038;ssl=1 441w\" alt=\"\" data-height=\"534\" data-id=\"1959\" data-link=\"https:\/\/lasottevillaise.com\/index.php\/competition-2\/image-gam-compete-6\/\" data-url=\"https:\/\/lasottevillaise.com\/wp-content\/uploads\/2021\/06\/image-GAM-compete-6.png\" data-width=\"441\" src=\"https:\/\/i1.wp.com\/lasottevillaise.com\/wp-content\/uploads\/2021\/06\/image-GAM-compete-6.png?ssl=1\" data-amp-layout=\"responsive\"\/><\/figure><\/div><\/div><div class=\"tiled-gallery__row\"><div class=\"tiled-gallery__col\" style=\"flex-basis:46.09406%\"><figure class=\"tiled-gallery__item\"><img decoding=\"async\" srcset=\"https:\/\/i1.wp.com\/lasottevillaise.com\/wp-content\/uploads\/2021\/05\/competition-GAM-2.jpg?strip=info&#038;w=600&#038;ssl=1 600w,https:\/\/i1.wp.com\/lasottevillaise.com\/wp-content\/uploads\/2021\/05\/competition-GAM-2.jpg?strip=info&#038;w=900&#038;ssl=1 900w,https:\/\/i1.wp.com\/lasottevillaise.com\/wp-content\/uploads\/2021\/05\/competition-GAM-2.jpg?strip=info&#038;w=960&#038;ssl=1 960w\" alt=\"\" data-height=\"720\" data-id=\"1404\" data-link=\"https:\/\/lasottevillaise.com\/index.php\/competition\/competition-gam-2\/\" data-url=\"https:\/\/lasottevillaise.com\/wp-content\/uploads\/2021\/05\/competition-GAM-2.jpg\" data-width=\"960\" src=\"https:\/\/i1.wp.com\/lasottevillaise.com\/wp-content\/uploads\/2021\/05\/competition-GAM-2.jpg?ssl=1\" data-amp-layout=\"responsive\"\/><\/figure><figure class=\"tiled-gallery__item\"><img decoding=\"async\" srcset=\"https:\/\/i1.wp.com\/lasottevillaise.com\/wp-content\/uploads\/2021\/06\/image-GAM-compete-5.png?strip=info&#038;w=600&#038;ssl=1 600w,https:\/\/i1.wp.com\/lasottevillaise.com\/wp-content\/uploads\/2021\/06\/image-GAM-compete-5.png?strip=info&#038;w=653&#038;ssl=1 653w\" alt=\"\" data-height=\"499\" data-id=\"1958\" data-link=\"https:\/\/lasottevillaise.com\/index.php\/competition-2\/image-gam-compete-5\/\" data-url=\"https:\/\/lasottevillaise.com\/wp-content\/uploads\/2021\/06\/image-GAM-compete-5.png\" data-width=\"653\" src=\"https:\/\/i1.wp.com\/lasottevillaise.com\/wp-content\/uploads\/2021\/06\/image-GAM-compete-5.png?ssl=1\" data-amp-layout=\"responsive\"\/><\/figure><\/div><div class=\"tiled-gallery__col\" style=\"flex-basis:53.90594%\"><figure class=\"tiled-gallery__item\"><img decoding=\"async\" srcset=\"https:\/\/i1.wp.com\/lasottevillaise.com\/wp-content\/uploads\/2021\/05\/gam2.jpg?strip=info&#038;w=600&#038;ssl=1 600w,https:\/\/i1.wp.com\/lasottevillaise.com\/wp-content\/uploads\/2021\/05\/gam2.jpg?strip=info&#038;w=737&#038;ssl=1 737w\" alt=\"\" data-height=\"960\" data-id=\"1480\" data-link=\"https:\/\/lasottevillaise.com\/index.php\/competition-2\/gam2\/\" data-url=\"https:\/\/lasottevillaise.com\/wp-content\/uploads\/2021\/05\/gam2.jpg\" data-width=\"737\" src=\"https:\/\/i1.wp.com\/lasottevillaise.com\/wp-content\/uploads\/2021\/05\/gam2.jpg?ssl=1\" data-amp-layout=\"responsive\"\/><\/figure><\/div><\/div><div class=\"tiled-gallery__row\"><div class=\"tiled-gallery__col\" style=\"flex-basis:38.72273%\"><figure class=\"tiled-gallery__item\"><img decoding=\"async\" srcset=\"https:\/\/i0.wp.com\/lasottevillaise.com\/wp-content\/uploads\/2021\/06\/image-GAM-compete.png?strip=info&#038;w=600&#038;ssl=1 600w,https:\/\/i0.wp.com\/lasottevillaise.com\/wp-content\/uploads\/2021\/06\/image-GAM-compete.png?strip=info&#038;w=900&#038;ssl=1 900w,https:\/\/i0.wp.com\/lasottevillaise.com\/wp-content\/uploads\/2021\/06\/image-GAM-compete.png?strip=info&#038;w=961&#038;ssl=1 961w\" alt=\"\" data-height=\"543\" data-id=\"1960\" data-link=\"https:\/\/lasottevillaise.com\/index.php\/competition-2\/image-gam-compete\/\" data-url=\"https:\/\/lasottevillaise.com\/wp-content\/uploads\/2021\/06\/image-GAM-compete.png\" data-width=\"961\" src=\"https:\/\/i0.wp.com\/lasottevillaise.com\/wp-content\/uploads\/2021\/06\/image-GAM-compete.png?ssl=1\" data-amp-layout=\"responsive\"\/><\/figure><\/div><div class=\"tiled-gallery__col\" style=\"flex-basis:29.20730%\"><figure class=\"tiled-gallery__item\"><img decoding=\"async\" srcset=\"https:\/\/i1.wp.com\/lasottevillaise.com\/wp-content\/uploads\/2021\/05\/compete-GAM-1.jpg?strip=info&#038;w=600&#038;ssl=1 600w,https:\/\/i1.wp.com\/lasottevillaise.com\/wp-content\/uploads\/2021\/05\/compete-GAM-1.jpg?strip=info&#038;w=900&#038;ssl=1 900w,https:\/\/i1.wp.com\/lasottevillaise.com\/wp-content\/uploads\/2021\/05\/compete-GAM-1.jpg?strip=info&#038;w=960&#038;ssl=1 960w\" alt=\"\" data-height=\"720\" data-id=\"1403\" data-link=\"https:\/\/lasottevillaise.com\/index.php\/competition\/compete-gam-1\/\" data-url=\"https:\/\/lasottevillaise.com\/wp-content\/uploads\/2021\/05\/compete-GAM-1.jpg\" data-width=\"960\" src=\"https:\/\/i1.wp.com\/lasottevillaise.com\/wp-content\/uploads\/2021\/05\/compete-GAM-1.jpg?ssl=1\" data-amp-layout=\"responsive\"\/><\/figure><\/div><div class=\"tiled-gallery__col\" style=\"flex-basis:10.12972%\"><figure class=\"tiled-gallery__item\"><img decoding=\"async\" srcset=\"https:\/\/i0.wp.com\/lasottevillaise.com\/wp-content\/uploads\/2021\/06\/image-GAM-compete-3.png?strip=info&#038;w=269&#038;ssl=1 269w\" alt=\"\" data-height=\"587\" data-id=\"1955\" data-link=\"https:\/\/lasottevillaise.com\/index.php\/competition-2\/image-gam-compete-3\/\" data-url=\"https:\/\/lasottevillaise.com\/wp-content\/uploads\/2021\/06\/image-GAM-compete-3.png\" data-width=\"269\" src=\"https:\/\/i0.wp.com\/lasottevillaise.com\/wp-content\/uploads\/2021\/06\/image-GAM-compete-3.png?ssl=1\" data-amp-layout=\"responsive\"\/><\/figure><\/div><div class=\"tiled-gallery__col\" style=\"flex-basis:21.94024%\"><figure class=\"tiled-gallery__item\"><img decoding=\"async\" srcset=\"https:\/\/i1.wp.com\/lasottevillaise.com\/wp-content\/uploads\/2021\/05\/gam4.jpg?strip=info&#038;w=600&#038;ssl=1 600w,https:\/\/i1.wp.com\/lasottevillaise.com\/wp-content\/uploads\/2021\/05\/gam4.jpg?strip=info&#038;w=900&#038;ssl=1 900w\" alt=\"\" data-height=\"900\" data-id=\"1482\" data-link=\"https:\/\/lasottevillaise.com\/index.php\/competition-2\/gam4\/\" data-url=\"https:\/\/lasottevillaise.com\/wp-content\/uploads\/2021\/05\/gam4.jpg\" data-width=\"900\" src=\"https:\/\/i1.wp.com\/lasottevillaise.com\/wp-content\/uploads\/2021\/05\/gam4.jpg?ssl=1\" data-amp-layout=\"responsive\"\/><\/figure><\/div><\/div><\/div><\/div>\n","protected":false},"excerpt":{"rendered":"<p>La Gymnastique Artistique Masculine est une discipline de pr\u00e9cision. Dans sa perfection, elle r\u00e9unit des aptitudes physiques comme la force, la coordination et la souplesse \u00e0 travers des exercices dynamiques ou statiques. C\u2019est un endroit ou r\u00e8gne l\u2019acrobatie ! Cette discipline se pratique sur 6 agr\u00e8s : le sol, les ar\u00e7ons, les anneaux, le saut de cheval, les barres parall\u00e8les et la barre fixe. Chaque agr\u00e8s \u00e0 ses propres sp\u00e9cificit\u00e9 ce qui rend la discipline polyvalente et compl\u00e8te. Si vous recherchez une activit\u00e9 \u00e0 sensation forte et esth\u00e9tique la Gymnastique Artistique Masculine sera faite pour toi ! Les cours sont limit\u00e9s \u00e0 15 pratiquants pour 1 encadrant afin de toujours vous assurer des interventions de qualit\u00e9s.&nbsp; Renseignements : 02 35 72 05 03 ou&nbsp;lasottevillaise@gmail.com Attention : Pour les nouveaux arrivants l&#8217;acc\u00e8s \u00e0 la comp\u00e9tition se fait uniquement avec l&#8217;accord de l&#8217;entraineur. Les nouveaux gymnastes doivent donc d&#8217;abord s&#8217;inscrire dans la cat\u00e9gorie &#8220;Loisir&#8221;. En revanche, si l&#8217;entraineur estime que l&#8217;envie et le niveau sont suffisants pour pouvoir acc\u00e9der \u00e0 la comp\u00e9tition un changement vers un groupe comp\u00e9titif sera possible en cours d&#8217;ann\u00e9e.<\/p>\n","protected":false},"author":1,"featured_media":0,"parent":0,"menu_order":0,"comment_status":"closed","ping_status":"closed","template":"","meta":{"footnotes":""},"jetpack_sharing_enabled":true,"acf":[],"_links":{"self":[{"href":"https:\/\/lasottevillaise.com\/index.php\/wp-json\/wp\/v2\/pages\/96"}],"collection":[{"href":"https:\/\/lasottevillaise.com\/index.php\/wp-json\/wp\/v2\/pages"}],"about":[{"href":"https:\/\/lasottevillaise.com\/index.php\/wp-json\/wp\/v2\/types\/page"}],"author":[{"embeddable":true,"href":"https:\/\/lasottevillaise.com\/index.php\/wp-json\/wp\/v2\/users\/1"}],"replies":[{"embeddable":true,"href":"https:\/\/lasottevillaise.com\/index.php\/wp-json\/wp\/v2\/comments?post=96"}],"version-history":[{"count":79,"href":"https:\/\/lasottevillaise.com\/index.php\/wp-json\/wp\/v2\/pages\/96\/revisions"}],"predecessor-version":[{"id":2643,"href":"https:\/\/lasottevillaise.com\/index.php\/wp-json\/wp\/v2\/pages\/96\/revisions\/2643"}],"wp:attachment":[{"href":"https:\/\/lasottevillaise.com\/index.php\/wp-json\/wp\/v2\/media?parent=96"}],"curies":[{"name":"wp","href":"https:\/\/api.w.org\/{rel}","templated":true}]}}