{"id":98,"date":"2021-01-20T15:22:36","date_gmt":"2021-01-20T14:22:36","guid":{"rendered":"https:\/\/lasottevillaise.com\/?page_id=98"},"modified":"2022-06-16T12:52:00","modified_gmt":"2022-06-16T10:52:00","slug":"loisir-2","status":"publish","type":"page","link":"https:\/\/lasottevillaise.com\/index.php\/loisir-2\/","title":{"rendered":"Ecole de Gym F\u00e9minin"},"content":{"rendered":"\n<p>La Gymnastique Artistique F\u00e9minine est une discipline de pr\u00e9cision gr\u00e2ce \u00e0 un subtil m\u00e9lange entre<strong> chor\u00e9graphie, \u00e9l\u00e9gance et acrobatie<\/strong>. Dans sa perfection, elle r\u00e9unit des aptitudes physiques comme la <strong>force<\/strong>, la <strong>coordination<\/strong> et la <strong>souplesse<\/strong> \u00e0 travers des exercices dynamiques ou statiques. C\u2019est un endroit o\u00f9 r\u00e8gne l\u2019<strong>acrobatie et l&#8217;esth\u00e9tisme !<\/strong><\/p>\n\n\n\n<p>Cette discipline se pratique sur 4 agr\u00e8s : le<strong> sol<\/strong>, la<strong> poutre<\/strong>, le <strong>saut<\/strong> <strong>de cheval<\/strong> et les <strong>barres asym\u00e9trique<\/strong>. Chaque agr\u00e8s \u00e0 ses propres sp\u00e9cificit\u00e9 ce qui rend la discipline polyvalente et compl\u00e8te. <\/p>\n\n\n\n<p>Si vous recherchez une activit\u00e9 \u00e0 <strong>sensation forte et esth\u00e9tique<\/strong> la Gymnastique Artistique F\u00e9minine sera <strong>faite pour toi !<\/strong><\/p>\n\n\n\n<div class=\"wp-block-buttons is-content-justification-center is-layout-flex wp-block-buttons-is-layout-flex\">\n<div class=\"wp-block-button is-style-outline\"><a class=\"wp-block-button__link has-text-color\" href=\"https:\/\/lasottevillaise.com\/index.php\/loisir-feminin\/\" style=\"color:#ff0004\"><strong><em><span style=\"color:#000000\" class=\"tadv-color\">Voir les horaires<\/span><\/em><\/strong><\/a><\/div>\n<\/div>\n\n\n\n<p>Les <span style=\"color:#ff0004\" class=\"tadv-color\"><strong><em>cours sont limit\u00e9s \u00e0 15 pratiquants pour 1 encadrant<\/em><\/strong> <\/span>afin de toujours vous <em><strong>assurer des interventions de <span style=\"color:#ff0004\" class=\"tadv-color\">qualit\u00e9s<\/span><\/strong><\/em>.<\/p>\n\n\n\n<p>A l\u2019issue du premier trimestre un test par groupe aura lieu pour \u00e9valuer et orienter au mieux votre enfant<\/p>\n\n\n\n<p><strong>Renseignements :<\/strong> 02 35 72 05 03 ou <a href=\"mailto:lasottevillaise@gmail.com\">lasottevillaise@gmail.com<\/a><\/p>\n\n\n\n<p><strong><em><span style=\"color:#ff0004\" class=\"tadv-color\">Attention :<\/span><\/em><\/strong> <strong><em>Pour les nouveaux arrivants<\/em><\/strong> l&#8217;acc\u00e8s \u00e0 la comp\u00e9tition se fait uniquement avec l&#8217;accord de l&#8217;entraineur. Les nouveaux gymnastes doivent donc d&#8217;abord s&#8217;inscrire dans la cat\u00e9gorie &#8220;Loisir&#8221;. En revanche, si l&#8217;entraineur estime que l&#8217;envie et le niveau sont suffisants pour pouvoir acc\u00e9der \u00e0 la comp\u00e9tition un changement vers un groupe comp\u00e9titif sera possible en cours d&#8217;ann\u00e9e.<\/p>\n\n\n\n<figure class=\"wp-block-video\"><video controls src=\"https:\/\/lasottevillaise.com\/wp-content\/uploads\/2022\/06\/gaf-loisirs-Teaser-compresse.mp4\"><\/video><\/figure>\n\n\n\n<div class=\"wp-block-jetpack-tiled-gallery aligncenter is-style-rectangular\"><div class=\"tiled-gallery__gallery\"><div class=\"tiled-gallery__row\"><div class=\"tiled-gallery__col\" style=\"flex-basis:34.39109%\"><figure class=\"tiled-gallery__item\"><img decoding=\"async\" srcset=\"https:\/\/i2.wp.com\/lasottevillaise.com\/wp-content\/uploads\/2021\/06\/image-GAF-loisir-7.png?strip=info&#038;w=590&#038;ssl=1 590w\" alt=\"\" data-height=\"657\" data-id=\"1925\" data-link=\"https:\/\/lasottevillaise.com\/index.php\/loisir-2\/image-gaf-loisir-7\/\" data-url=\"https:\/\/lasottevillaise.com\/wp-content\/uploads\/2021\/06\/image-GAF-loisir-7.png\" data-width=\"590\" src=\"https:\/\/i2.wp.com\/lasottevillaise.com\/wp-content\/uploads\/2021\/06\/image-GAF-loisir-7.png?ssl=1\" data-amp-layout=\"responsive\"\/><\/figure><\/div><div class=\"tiled-gallery__col\" style=\"flex-basis:65.60891%\"><figure class=\"tiled-gallery__item\"><img decoding=\"async\" srcset=\"https:\/\/i2.wp.com\/lasottevillaise.com\/wp-content\/uploads\/2021\/06\/image-GAF-loisir-5.png?strip=info&#038;w=600&#038;ssl=1 600w,https:\/\/i2.wp.com\/lasottevillaise.com\/wp-content\/uploads\/2021\/06\/image-GAF-loisir-5.png?strip=info&#038;w=831&#038;ssl=1 831w\" alt=\"\" data-height=\"484\" data-id=\"1923\" data-link=\"https:\/\/lasottevillaise.com\/index.php\/loisir-2\/image-gaf-loisir-5\/\" data-url=\"https:\/\/lasottevillaise.com\/wp-content\/uploads\/2021\/06\/image-GAF-loisir-5.png\" data-width=\"831\" src=\"https:\/\/i2.wp.com\/lasottevillaise.com\/wp-content\/uploads\/2021\/06\/image-GAF-loisir-5.png?ssl=1\" data-amp-layout=\"responsive\"\/><\/figure><\/div><\/div><div class=\"tiled-gallery__row\"><div class=\"tiled-gallery__col\" style=\"flex-basis:34.94669%\"><figure class=\"tiled-gallery__item\"><img decoding=\"async\" srcset=\"https:\/\/i2.wp.com\/lasottevillaise.com\/wp-content\/uploads\/2021\/06\/image-GAF-loisir-8.png?strip=info&#038;w=545&#038;ssl=1 545w\" alt=\"\" data-height=\"642\" data-id=\"1926\" data-link=\"https:\/\/lasottevillaise.com\/index.php\/loisir-2\/image-gaf-loisir-8\/\" data-url=\"https:\/\/lasottevillaise.com\/wp-content\/uploads\/2021\/06\/image-GAF-loisir-8.png\" data-width=\"545\" src=\"https:\/\/i2.wp.com\/lasottevillaise.com\/wp-content\/uploads\/2021\/06\/image-GAF-loisir-8.png?ssl=1\" data-amp-layout=\"responsive\"\/><\/figure><\/div><div class=\"tiled-gallery__col\" style=\"flex-basis:65.05331%\"><figure class=\"tiled-gallery__item\"><img decoding=\"async\" srcset=\"https:\/\/i0.wp.com\/lasottevillaise.com\/wp-content\/uploads\/2021\/06\/image-GAF-loisir-3bis.png?strip=info&#038;w=600&#038;ssl=1 600w,https:\/\/i0.wp.com\/lasottevillaise.com\/wp-content\/uploads\/2021\/06\/image-GAF-loisir-3bis.png?strip=info&#038;w=703&#038;ssl=1 703w\" alt=\"\" data-height=\"444\" data-id=\"1932\" data-link=\"https:\/\/lasottevillaise.com\/index.php\/loisir-2\/image-gaf-loisir-3bis\/\" data-url=\"https:\/\/lasottevillaise.com\/wp-content\/uploads\/2021\/06\/image-GAF-loisir-3bis.png\" data-width=\"703\" src=\"https:\/\/i0.wp.com\/lasottevillaise.com\/wp-content\/uploads\/2021\/06\/image-GAF-loisir-3bis.png?ssl=1\" data-amp-layout=\"responsive\"\/><\/figure><\/div><\/div><div class=\"tiled-gallery__row\"><div class=\"tiled-gallery__col\" style=\"flex-basis:18.72934%\"><figure class=\"tiled-gallery__item\"><img decoding=\"async\" srcset=\"https:\/\/i2.wp.com\/lasottevillaise.com\/wp-content\/uploads\/2021\/06\/image-GAF-loisir-6.png?strip=info&#038;w=459&#038;ssl=1 459w\" alt=\"\" data-height=\"579\" data-id=\"1924\" data-link=\"https:\/\/lasottevillaise.com\/index.php\/loisir-2\/image-gaf-loisir-6\/\" data-url=\"https:\/\/lasottevillaise.com\/wp-content\/uploads\/2021\/06\/image-GAF-loisir-6.png\" data-width=\"459\" src=\"https:\/\/i2.wp.com\/lasottevillaise.com\/wp-content\/uploads\/2021\/06\/image-GAF-loisir-6.png?ssl=1\" data-amp-layout=\"responsive\"\/><\/figure><\/div><div class=\"tiled-gallery__col\" style=\"flex-basis:32.96391%\"><figure class=\"tiled-gallery__item\"><img decoding=\"async\" srcset=\"https:\/\/i1.wp.com\/lasottevillaise.com\/wp-content\/uploads\/2021\/06\/image-GAF-loisir-9.png?strip=info&#038;w=600&#038;ssl=1 600w,https:\/\/i1.wp.com\/lasottevillaise.com\/wp-content\/uploads\/2021\/06\/image-GAF-loisir-9.png?strip=info&#038;w=678&#038;ssl=1 678w\" alt=\"\" data-height=\"484\" data-id=\"1927\" data-link=\"https:\/\/lasottevillaise.com\/index.php\/loisir-2\/image-gaf-loisir-9\/\" data-url=\"https:\/\/lasottevillaise.com\/wp-content\/uploads\/2021\/06\/image-GAF-loisir-9.png\" data-width=\"678\" src=\"https:\/\/i1.wp.com\/lasottevillaise.com\/wp-content\/uploads\/2021\/06\/image-GAF-loisir-9.png?ssl=1\" data-amp-layout=\"responsive\"\/><\/figure><\/div><div class=\"tiled-gallery__col\" style=\"flex-basis:48.30675%\"><figure class=\"tiled-gallery__item\"><img decoding=\"async\" srcset=\"https:\/\/i0.wp.com\/lasottevillaise.com\/wp-content\/uploads\/2021\/04\/CE-2.jpg?strip=info&#038;w=600&#038;ssl=1 600w,https:\/\/i0.wp.com\/lasottevillaise.com\/wp-content\/uploads\/2021\/04\/CE-2.jpg?strip=info&#038;w=900&#038;ssl=1 900w,https:\/\/i0.wp.com\/lasottevillaise.com\/wp-content\/uploads\/2021\/04\/CE-2.jpg?strip=info&#038;w=1200&#038;ssl=1 1200w,https:\/\/i0.wp.com\/lasottevillaise.com\/wp-content\/uploads\/2021\/04\/CE-2.jpg?strip=info&#038;w=1316&#038;ssl=1 1316w\" alt=\"\" data-height=\"640\" data-id=\"1368\" data-link=\"https:\/\/lasottevillaise.com\/ce-2\/\" data-url=\"https:\/\/lasottevillaise.com\/wp-content\/uploads\/2021\/04\/CE-2.jpg\" data-width=\"1316\" src=\"https:\/\/i0.wp.com\/lasottevillaise.com\/wp-content\/uploads\/2021\/04\/CE-2.jpg?ssl=1\" data-amp-layout=\"responsive\"\/><\/figure><\/div><\/div><\/div><\/div>\n\n\n\n<p><\/p>\n\n\n\n<p><\/p>\n\n\n\n<p><\/p>\n","protected":false},"excerpt":{"rendered":"<p>La Gymnastique Artistique F\u00e9minine est une discipline de pr\u00e9cision gr\u00e2ce \u00e0 un subtil m\u00e9lange entre chor\u00e9graphie, \u00e9l\u00e9gance et acrobatie. Dans sa perfection, elle r\u00e9unit des aptitudes physiques comme la force, la coordination et la souplesse \u00e0 travers des exercices dynamiques ou statiques. C\u2019est un endroit o\u00f9 r\u00e8gne l\u2019acrobatie et l&#8217;esth\u00e9tisme ! Cette discipline se pratique sur 4 agr\u00e8s : le sol, la poutre, le saut de cheval et les barres asym\u00e9trique. Chaque agr\u00e8s \u00e0 ses propres sp\u00e9cificit\u00e9 ce qui rend la discipline polyvalente et compl\u00e8te. Si vous recherchez une activit\u00e9 \u00e0 sensation forte et esth\u00e9tique la Gymnastique Artistique F\u00e9minine sera faite pour toi ! Les cours sont limit\u00e9s \u00e0 15 pratiquants pour 1 encadrant afin de toujours vous assurer des interventions de qualit\u00e9s. A l\u2019issue du premier trimestre un test par groupe aura lieu pour \u00e9valuer et orienter au mieux votre enfant Renseignements : 02 35 72 05 03 ou lasottevillaise@gmail.com Attention : Pour les nouveaux arrivants l&#8217;acc\u00e8s \u00e0 la comp\u00e9tition se fait uniquement avec l&#8217;accord de l&#8217;entraineur. Les nouveaux gymnastes doivent donc d&#8217;abord s&#8217;inscrire dans la cat\u00e9gorie &#8220;Loisir&#8221;. En revanche, si l&#8217;entraineur estime que l&#8217;envie et le niveau sont suffisants pour pouvoir acc\u00e9der \u00e0 la comp\u00e9tition un changement vers un groupe comp\u00e9titif sera possible en cours d&#8217;ann\u00e9e.<\/p>\n","protected":false},"author":1,"featured_media":0,"parent":0,"menu_order":0,"comment_status":"closed","ping_status":"closed","template":"","meta":{"footnotes":""},"jetpack_sharing_enabled":true,"acf":[],"_links":{"self":[{"href":"https:\/\/lasottevillaise.com\/index.php\/wp-json\/wp\/v2\/pages\/98"}],"collection":[{"href":"https:\/\/lasottevillaise.com\/index.php\/wp-json\/wp\/v2\/pages"}],"about":[{"href":"https:\/\/lasottevillaise.com\/index.php\/wp-json\/wp\/v2\/types\/page"}],"author":[{"embeddable":true,"href":"https:\/\/lasottevillaise.com\/index.php\/wp-json\/wp\/v2\/users\/1"}],"replies":[{"embeddable":true,"href":"https:\/\/lasottevillaise.com\/index.php\/wp-json\/wp\/v2\/comments?post=98"}],"version-history":[{"count":38,"href":"https:\/\/lasottevillaise.com\/index.php\/wp-json\/wp\/v2\/pages\/98\/revisions"}],"predecessor-version":[{"id":2833,"href":"https:\/\/lasottevillaise.com\/index.php\/wp-json\/wp\/v2\/pages\/98\/revisions\/2833"}],"wp:attachment":[{"href":"https:\/\/lasottevillaise.com\/index.php\/wp-json\/wp\/v2\/media?parent=98"}],"curies":[{"name":"wp","href":"https:\/\/api.w.org\/{rel}","templated":true}]}}